7, -4*h - 24 = 4*v. Let u be 4 + -4 - (v - 1). Let s(w) = -4*w - u + 0*w + 3. Calculate s(-1).
4
Let q(a) be the second derivative of 3*a**3/2 + a**2/2 - 32*a. Give q(-1).
-8
Suppose 2*c + 3 - 7 = 5*r, 2*r - 3*c = 5. Let l(d) = d**3 + 2*d**2 - 1. Give l(r).
-1
Let r = -1 + 2. Let d(m) = 3*m**3 + 1 + r - 4*m**2 - 4*m**3 + 0*m**2 + m. Give d(-4).
-2
Let q(n) be the first derivative of n**4/4 - 8*n**3/3 - 9*n**2/2 - 3*n - 6. Calculate q(9).
-3
Let b(m) = m**3 - 6*m**2 + 2*m + 7. Let p be 3/((24/(-10))/(-4)). Determine b(p).
-8
Let a(w) = 2*w + 7 + 0*w**3 + 6*w**2 + 4*w + w**3. Let y be (-5)/((-4)/(-8)*2). Give a(y).
2
Let h(o) = o. Let r(t) = 6*t. Let p(d) = 12*h(d) - r(d). Determine p(-1).
-6
Let i(s) = s**3 + 2*s**2 + 3. Let f(k) = -3*k - 1. Let q be f(-1). Suppose 4*j - q*j + 10 = 0. Let m = -8 - j. What is i(m)?
-6
Let a(m) be the third derivative of m**7/2520 - m**6/720 + 7*m**5/60 + 2*m**2. Let x(k) be the third derivative of a(k). Calculate x(-2).
-5
Let c = 15 + -13. Let a(n) = 0 - 6*n - 2*n**c + 5 - 5. What is a(-4)?
-8
Let u be ((-9)/6)/((-3)/20). Suppose u = 2*l - 0. Let s(v) = -4*v + 7. Let h(b) = b. Let f(z) = -3*h(z) - s(z). What is f(l)?
-2
Let j(z) be the first derivative of z**5/60 + 3*z**2/2 + 2. Let n(x) be the second derivative of j(x). Suppose -9*q = -6*q + 3. Give n(q).
1
Suppose 3*r + 4*v = r - 10, 4*r + 5 = -3*v. Let s be r/(2 + (-10)/6). Suppose -5*g = -s - 12. Let u(o) = 2*o. Calculate u(g).
6
Let o(v) = 11*v - 3 - v**2 - 3 - 20*v. What is o(-6)?
12
Let b(f) = f**3 - 4*f**2 - 5*f - 2. Let h(g) = -g**3 + 2*g**2 + 4*g - 3. Suppose -5*l + 2*w = -0*w - 20, 0 = 4*l + 5*w + 17. Let n be h(l). Calculate b(n).
-2
Let i(g) = 16 + 5*g**2 - 17 - g**2 + 3*g**3 - 2*g**3. Let w be (-2)/4 - 57/(-6). Let u = 6 - w. What is i(u)?
8
Let y(u) = -1. Suppose 0 = 3*h - 3 - 6. Let k(o) = -5 - 4*o + h*o + 3. Let c(n) = k(n) - 6*y(n). What is c(4)?
0
Let b(l) = 2*l**2 + 6*l + 1. Suppose -d = 2, d = -4*g - 0*g - 18. Give b(g).
9
Let s be 60/(-14) + 2/7. Let b(t) = -1 - 2 + 2 - t - 4. What is b(s)?
-1
Let w = -12 + 13. Let i be w/4 + 9/12. Let l(j) = -7*j**2. Give l(i).
-7
Let d(u) be the third derivative of -u**5/60 + u**4/4 - u**3/3 + 15*u**2. Give d(4).
6
Let p(a) = a**2 - 7*a + 6. Let c(g) = 6*g**2 - 42*g + 36. Let l(r) = -6*c(r) + 39*p(r). Let f(v) = v**2 - 7*v + 6. Let t(z) = 7*f(z) - 2*l(z). Give t(5).
-4
Suppose 3*d - 8*d + 35 = 0. Let a(h) = -h**3 + 8*h**2 - 9*h + 9. Calculate a(d).
-5
Suppose -4*p = 4 - 0. Let w be (65/26)/(5/4). Let t(z) = -2*z**3 + 4*z**2 + w*z**3 - 5*z**2 + 5*z**3. Determine t(p).
-6
Let s(l) = -l**3 - l**2 + 4*l - 5. Suppose 2*z + 7 = -5*i - 6, 0 = 3*i + 3. Give s(z).
27
Suppose 3*j - j = 0. Let b(g) = 9 + g + j*g + 4. Calculate b(-6).
7
Let n(c) = -4*c + 5. Let l(d) = -d + 1. Let p be (-3)/(-3) + 1 - 3. Let u(i) = p*n(i) + 3*l(i). Determine u(-3).
-5
Let f(r) = -r**3 + 7*r**2 - 2*r + 3. Let o be ((-16)/16)/((-1)/7). Calculate f(o).
-11
Let n(w) = 27*w**3 - 36*w**2 - 10*w - 14. Let r(g) = 5*g**3 - 7*g**2 - 2*g - 3. Let f(s) = -2*n(s) + 11*r(s). What is f(6)?
19
Let l be 2/(-2) - (-12)/2. Let c = -3 - -5. Let n(z) = 8*z**2 + c - 4*z**2 - 1 + 6 - z**3 + 4*z. Give n(l).
2
Let t be 6/(-21) - 16/(-7). Suppose -t*c - 10 = -7*c. Let n(p) = -2*p**2 + 3 - 2*p**2 - 4*p + 3*p**c + 4*p**2. Determine n(2).
7
Let z(q) = -2*q - 2. Let o(r) be the first derivative of -3*r**2/2 - r - 16. Suppose -4*n + 0 = -p - 1, 5*n - 2 = p. Let b(j) = p*o(j) - 4*z(j). Give b(3).
2
Suppose -3*g + 10 - 4 = 0. Let c(n) = -3*n**2 + 2*n. Determine c(g).
-8
Let s(f) = f**3 - 4*f**2 + 3*f - 6. Suppose 5*a - h = -5, a + h = 4*h + 13. Let z be 4 + a/1*1. Suppose 18 = 5*r - q, -3*q = 4*r - z*q - 18. Determine s(r).
6
Let v(g) = -g. Let m(b) = b**3 + 7*b**2 - 8*b + 6. Let q be m(-8). Determine v(q).
-6
Let w(x) = 15*x - 297. Let f be w(20). Let j(l) = l + 2. Let b(u) = -u. Let r(m) = -2*b(m) - j(m). Calculate r(f).
1
Let q = 8 - 4. Let i(l) be the first derivative of l**6/360 - 7*l**5/120 + l**4/4 + l**3 - 3. Let z(o) be the third derivative of i(o). Calculate z(q).
-6
Let r(q) = -q**2 - q + 3. Let v = -4 + 17. Let z(y) = v - 2*y - 9 - y**2 - y. Let s be z(-4). Calculate r(s).
3
Let g(j) = j + 1. Suppose 0 = -2*o + o - 1. Let x be g(o). Suppose 0 = 5*c - x*h + h - 5, 2*c - h + 5 = 0. Let v(n) = n**2 + n - 7. Calculate v(c).
-7
Suppose -7 - 13 = 5*m + 5*i, 3*m - 2*i + 7 = 0. Let t be (9/12)/(m/(-156)). Let c(s) = -t + 39 - 6*s. Calculate c(-1).
6
Let f(y) = -y - 2. Let v(j) = -2*j - 10. Let c(o) = 15*f(o) - 3*v(o). Determine c(-1).
9
Let u(i) = i**3 + 2*i**2 + 2*i + 2. Let x(p) = p**2 + p. Let m(h) = -u(h) + 5*x(h). Determine m(4).
-6
Let q(m) = m + 3. Let p(z) = 2*z - 8. Let i be p(4). Determine q(i).
3
Let r(l) = 1 - l - 6 - 4 + 2. Determine r(-5).
-2
Let i be (-30)/(-10) + -2 + (-8)/(-2). Let o(q) = -q**3 + 5*q**2 - 2*q + 4. Calculate o(i).
-6
Let o(k) = k**2 - 2. Let l(n) = -n**2 + 8*n - 3. Let c be l(7). Suppose -5*v = m + 11, -c*m + 0*m - 10 = 3*v. What is o(v)?
2
Suppose 0 = -4*p - 3 + 7. Let c(o) = o**3 - o**2 - o + 1. What is c(p)?
0
Let g(u) be the third derivative of u**6/240 - u**5/120 - u**4/12 + 4*u**2. Let y(f) be the second derivative of g(f). What is y(-3)?
-10
Let b be (-2 + 48/20)/(1/(-5)). Let u(j) = -3*j + 6*j - j. Determine u(b).
-4
Let b(s) be the first derivative of s**2 + s + 1. Suppose 2*x = -3*x - t - 22, -3*t + 6 = -3*x. Give b(x).
-7
Let d(g) = 8*g - 3. Let z(o) = -11*o + 7. Let i(c) = -16*c + 10. Let k(b) = 5*i(b) - 7*z(b). Let p(n) = -4*d(n) - 11*k(n). Determine p(-5).
-4
Let k(m) = 2*m**2 + 6*m + 2. Let w = -25 + 41. Suppose w = -3*c - c. Determine k(c).
10
Let u(o) = o**3 + 3*o**2 - 3*o - 8. Let s be u(-3). Let m(w) = -5*w + 6*w - 1 + 10*w. Determine m(s).
10
Suppose -5*u + 3*s = -32, 0*s = 2*u - 3*s - 20. Let i(a) = a**2 - 3*a + 1. Calculate i(u).
5
Let x(k) = 7*k**3 - 2*k**2 + 1. Let l be (-4)/14 - 270/(-63). Suppose 3*c + c = l. Give x(c).
6
Let o be -2*4*(0 - 1). Let n be -8*(-1)/o*10. Let r = n + -14. Let j(z) = -z**3 - 3*z**2 + 6*z + 4. Give j(r).
-4
Let s(y) = 6*y + 24. Suppose 0 = 2*l - 30 + 8. Let r(q) = q + 5. Let i(a) = l*r(a) - 2*s(a). What is i(0)?
7
Let y(u) = -2*u**2 - 3*u - 2. Let k(h) = -h**2 + 6*h + 2. Let v be k(6). Suppose 3*q = -v*n - 13, 0 = -4*q - 5*n + 3*n - 16. Calculate y(q).
-11
Let u(i) = 6*i**2 - 7*i + 6. Let h(a) = -a + 1. Let k(q) = -5*h(q) + u(q). Let f(j) = j**3 + j**2 - 5*j + 4. Let y be f(-3). Give k(y).
5
Let k = 144 - 151. Let d(u) = u**2 + 4*u. Calculate d(k).
21
Suppose -16*j + 9 = -23. Let b(q) be the third derivative of -1/6*q**3 + 0*q + 0 - 1/120*q**6 - 1/60*q**5 + 1/8*q**4 - j*q**2. Give b(-3).
8
Let o(y) = 5*y - 3 + y**2 - 2*y**2 + 2. Let w be o(5). Let r(q) = -q - 2. Let v(i) = -i**3 + i**2 + i + 1. Let u(t) = -r(t) - 2*v(t). Calculate u(w).
-3
Let k = -34 - -36. Let s(x) = 2*x + 2. Calculate s(k).
6
Let m(b) be the first derivative of 5*b - 2*b**2 + 1 - 1/3*b**3. Suppose -4*k + 15 = -7*k. Calculate m(k).
0
Let w(a) be the third derivative of a**5/60 + a**4/12 - 5*a**3/6 + 7*a**2. Determine w(-4).
3
Let c(t) = -2*t**3 - t**2 + 2*t - 4. Let g(r) = -r**3 - r**2 - r - 1. Let w(q) = -c(q) + g(q). Let o = 217 + -215. Calculate w(o).
5
Suppose -29 = 5*g + 6. Let z(f) = 2*f + 4. Calculate z(g).
-10
Let r(a) = -13*a**3 + 17*a**2 + 20*a + 21. Let v(c) be the first derivative of 4/3*c**3 + 1 + 5/2*c**2 + 5*c - 3/4*c**4. Let w(b) = -2*r(b) + 9*v(b). Give w(4).
-9
Let a(f) be the first derivative of 2 - 1/2*f**4 + 1/2*f**2 - 2/3*f**3 + 0*f. Suppose -13*c - 8 = -9*c. What is a(c)?
6
Let g(o) = -5*o + 11. Let x(m) = 3*m - 11. Let c(z) = 2*g(z) + 3*x(z). Calculate c(0).
-11
Let r(p) = -p + 10. Let v be (-11 + -2)*(-1 - 0). Let y be r(v). Let s(l) = l**3 + 3*l**2 + 4. Calculate s(y).
4
Let v = 5 - 3. Let r(s) be the second derivative of -1/4*s**4 - 3/2*s**2 + 0 + s + 2/3*s**3. Determine r(v).
-7
Let a(g) = -250*g**2 - 252*g**2 - 2 + 501*g**2 + 4*g. Suppose -l + 2*x + 5 = 0, 2*l - 2*x - 8 = 2. Determine a(l).
-7
Let b(f) = -f**3 + 9*f**2 - 2*f + 16. Let v be b(9). Let o(t) = t + 2. Give o(v).
0
Let m(z) be the first derivative of z**5/120 - z**4/24 + 4*z**3/3 + 3. Let u(f) be the third derivative of m(f). Calculate u(6).
5
Let y(d) = d**2 + 4*d - 2. Let v be y(-5). Let m(r) be the first derivat